e
Is 7437961 composite?
True
Is 883525727 composite?
True
Is 116223667 a prime number?
False
Is 715437257 a composite number?
True
Is 69693389 a composite number?
True
Is 5385281 a composite number?
True
Is 12938797 a composite number?
True
Is 465221398 a prime number?
False
Is 5157631 a composite number?
True
Is 30795049 a composite number?
False
Is 4493789 a prime number?
True
Is 9979 prime?
False
Is 4524103 a prime number?
False
Is 7226893 composite?
True
Is 1876499 prime?
True
Is 26367137 a composite number?
False
Is 129791 prime?
False
Is 17172299 a composite number?
False
Is 365013431 a composite number?
False
Is 14564015 prime?
False
Is 9509179 prime?
False
Is 314005 prime?
False
Is 109112413 a composite number?
True
Is 23089 composite?
True
Is 12229033 prime?
False
Is 979787 composite?
False
Is 30149221 a prime number?
True
Is 4254853 a prime number?
True
Is 1367177 a prime number?
False
Is 122531 a composite number?
True
Is 7493989 prime?
False
Is 1838581 composite?
True
Is 89779537 a prime number?
True
Is 9767557 a composite number?
True
Is 24577321 composite?
False
Is 4525901 composite?
False
Is 13182943 a composite number?
True
Is 237318847 composite?
True
Is 114876989 a composite number?
False
Is 145737374 prime?
False
Is 25443007 prime?
True
Is 13888255 a prime number?
False
Is 16143773 composite?
False
Is 728332219 a prime number?
False
Is 1691803 composite?
False
Is 35072209 a prime number?
False
Is 30594953 composite?
True
Is 47402569 a prime number?
True
Is 3050947 composite?
False
Is 1131929741 composite?
False
Is 1573799 a prime number?
True
Is 21458191 a composite number?
True
Is 176031265 composite?
True
Is 99241517 composite?
True
Is 11934129 a prime number?
False
Is 3159853 a prime number?
True
Is 322087621 prime?
False
Is 31996061 a prime number?
False
Is 11645749 a prime number?
True
Is 336304949 composite?
False
Is 3039917 a composite number?
False
Is 23301143 a composite number?
True
Is 369841 a prime number?
True
Is 1162309 a composite number?
True
Is 168329431 prime?
False
Is 52653119 a composite number?
False
Is 722299334 a composite number?
True
Is 146875217 prime?
False
Is 171835205 a composite number?
True
Is 1298135 a composite number?
True
Is 5689183 composite?
False
Is 7991969 a composite number?
True
Is 2539183 composite?
True
Is 5524523 a composite number?
False
Is 596113 composite?
True
Is 11568803 a prime number?
True
Is 382691 a prime number?
False
Is 305299763 a prime number?
True
Is 635224409 a prime number?
False
Is 116587547 a prime number?
False
Is 44302823 composite?
False
Is 181382921 a composite number?
False
Is 2884853 a composite number?
True
Is 39315557 a prime number?
True
Is 270718769 prime?
True
Is 32410633 prime?
False
Is 1440227 a composite number?
True
Is 1413766 a prime number?
False
Is 19039529 a composite number?
False
Is 4115899 a prime number?
False
Is 513585949 composite?
False
Is 34779839 prime?
False
Is 291331 prime?
True
Is 58089763 a prime number?
True
Is 6974885 prime?
False
Is 19871191 a prime number?
True
Is 112914253 composite?
False
Is 9409181 composite?
False
Is 90834243 prime?
False
Is 14410933 a prime number?
True
Is 790447 prime?
False
Is 324820115 composite?
True
Is 1208399 composite?
False
Is 185532773 a composite number?
True
Is 2020697755 a composite number?
True
Is 260589463 a prime number?
True
Is 18702571 a composite number?
True
Is 382764679 prime?
False
Is 9940885 a composite number?
True
Is 52061899 prime?
True
Is 1498269 a composite number?
True
Is 16082006 a composite number?
True
Is 2207963 a composite number?
False
Is 198679211 a composite number?
False
Is 7472627 a composite number?
False
Is 995773043 composite?
True
Is 31116311 a prime number?
False
Is 42581501 a prime number?
True
Is 42595733 a prime number?
True
Is 976130417 prime?
True
Is 583603 composite?
False
Is 2675887 a prime number?
False
Is 116221 a prime number?
False
Is 1005541 prime?
True
Is 48809197 a composite number?
True
Is 65441323 prime?
True
Is 4290823 composite?
False
Is 240952287 a composite number?
True
Is 61390418 a composite number?
True
Is 144863699 a composite number?
True
Is 36531707 a prime number?
True
Is 70550237 a composite number?
False
Is 2814689 composite?
True
Is 403309 a prime number?
True
Is 28732741 a composite number?
False
Is 19797727 composite?
False
Is 18651353 prime?
False
Is 42394283 a prime number?
True
Is 9526949 composite?
False
Is 6779393 a prime number?
True
Is 34972117 a prime number?
False
Is 41381653 a composite number?
False
Is 2824967 a prime number?
True
Is 38705899 a prime number?
True
Is 3625771 a composite number?
True
Is 30650281 a composite number?
False
Is 91056811 a prime number?
False
Is 1418239 a composite number?
False
Is 62943 a prime number?
False
Is 4213019 composite?
False
Is 934639 a prime number?
True
Is 17007719 prime?
True
Is 937799 prime?
False
Is 351977173 composite?
False
Is 62877989 prime?
True
Is 138059653 a prime number?
False
Is 11600707 a prime number?
True
Is 369629 composite?
True
Is 72623851 composite?
True
Is 6304537 prime?
False
Is 10272683 prime?
True
Is 4223491 a prime number?
False
Is 234693091 prime?
False
Is 10765031 prime?
True
Is 11780743 a prime number?
False
Is 10849709 prime?
False
Is 237314263 composite?
True
Is 5702063 a prime number?
True
Is 1577813 prime?
True
Is 2302793 a prime number?
True
Is 8128749 a composite number?
True
Is 2636119 a composite number?
False
Is 14342651 a prime number?
True
Is 104302049 composite?
True
Is 128794009 composite?
False
Is 15945613 a composite number?
False
Is 3623677 a composite number?
True
Is 13957817 a composite number?
False
Is 74357159 a prime number?
True
Is 596961227 prime?
True
Is 255019 a composite number?
False
Is 128256787 a composite number?
False
Is 42893573 composite?
True
Is 47695439 a prime number?
False
Is 78193559 composite?
False
Is 27209683 composite?
False
Is 8599757 prime?
False
Is 175778807 prime?
True
Is 331133 prime?
False
Is 829249 prime?
True
Is 13463053 composite?
True
Is 85099351 prime?
True
Is 27635729 prime?
False
Is 19467641 prime?
False
Is 106208477 a prime number?
True
Is 842637 a prime number?
False
Is 119491441 prime?
True
Is 891151 a prime number?
True
Is 366653999 a composite number?
False
Is 41011987 a prime number?
True
Is 195714407 prime?
False
Is 8498297 a prime number?
True
Is 79272569 prime?
False
Is 55823531 a prime number?
True
Is 959587 composite?
True
Is 3620053 prime?
True
Is 12866983 composite?
False
Is 5027905 prime?
False
Is 84698153 a composite number?
False
Is 8174837 composite?
True
Is 1455983 prime?
True
Is 3928039 a prime number?
True
Is 19972801 composite?
False
Is 2620871 composite?
True
Is 56834413 a composite number?
True
Is 517488061 a composite number?
False
Is 209141623 a composite number?
False
Is 21318977 a composite number?
False
Is 338017523 a composite number?
False
Is 26754121 prime?
True
Is 6712801 composite?
True
Is 319301 composite?
True
Is 92116649 composite?
True
Is 58333243 composite?
False
Is 492383 composite?
True
Is 787621 a prime number?
True
Is 156184802 a composite number?
True
Is 24571597 a composite number?
False
Is 35706493 a prime number?
True
Is 13054361 prime?
True
Is 75834047 prime?
True
Is 9135949 composite?
False
Is 2775541783 composite?
True
Is 821749 prime?
False
Is 16597501 a composite number?
False
Is 374880313 prime?
True
Is 332183899 prime?
True
Is 7685859 a prime number?
False
Is 8301179 a prime number?
True
Is 8304641 a prime number?
True
Is 16617719 a prime number?
True
Is 136598411 a composite number?
False
Is 2854207 a composite number?
False
Is 241143791 a composite number?
True
Is 158937083 composite?
False
Is 114220357 a composite number?
True
Is 15982511 composite?
False
Is 2746531 a composite number?
True
Is 7987367 a composite number?
True
Is 39994301 a prime number?
True
Is 15161 a prime number?
True
Is 18255574 prime?
False
Is 1705367 a composite number?
True
Is 756394931 prime?
True
Is 481705691 composite?
False
Is 14956999 a prime number?
True
Is 9489577 composite?
False
Is 57829 prime?
True
Is 2085437 prime?
False
Is 957641 a composite number?
False
Is 9533941 prime?
False
Is 42470081 prime?
True
Is 58732789 a composite number?
True
Is 50367349 composi